 of 133415062?
1
What is the tens digit of 504213927?
2
What is the hundred millions digit of 101354021?
1
What is the ten millions digit of 1135957317?
3
What is the units digit of 1083276884?
4
What is the hundreds digit of 470007493?
4
What is the ten thousands digit of 1191222876?
2
What is the units digit of 26798667?
7
What is the units digit of 16789248?
8
What is the ten thousands digit of 1102199225?
9
What is the hundred thousands digit of 238060818?
0
What is the thousands digit of 20640110?
0
What is the units digit of 171824390?
0
What is the hundred thousands digit of 18995237?
9
What is the tens digit of 76980954?
5
What is the hundreds digit of 31146620?
6
What is the units digit of 10789450?
0
What is the hundred millions digit of 295918642?
2
What is the millions digit of 30386742?
0
What is the ten millions digit of 28337873?
2
What is the hundred millions digit of 436986123?
4
What is the tens digit of 157316709?
0
What is the tens digit of 1573642299?
9
What is the hundreds digit of 445493?
4
What is the hundreds digit of 122150000?
0
What is the thousands digit of 146700987?
0
What is the millions digit of 1117047593?
7
What is the thousands digit of 97274829?
4
What is the units digit of 93559382?
2
What is the ten thousands digit of 2247161408?
6
What is the ten millions digit of 288285983?
8
What is the ten thousands digit of 225611420?
1
What is the hundreds digit of 67598926?
9
What is the hundreds digit of 11332817?
8
What is the hundred thousands digit of 986081443?
0
What is the hundred millions digit of 470523307?
4
What is the hundreds digit of 8930047869?
8
What is the thousands digit of 47721237?
1
What is the hundreds digit of 34007045?
0
What is the units digit of 2777848306?
6
What is the thousands digit of 5166804?
6
What is the billions digit of 2354758939?
2
What is the tens digit of 54328703?
0
What is the ten millions digit of 265072659?
6
What is the ten thousands digit of 705979462?
7
What is the thousands digit of 1348324080?
4
What is the billions digit of 3052177777?
3
What is the hundred thousands digit of 2118339960?
3
What is the hundreds digit of 6358671092?
0
What is the ten millions digit of 405081443?
0
What is the thousands digit of 39405531?
5
What is the thousands digit of 37615831?
5
What is the millions digit of 1132153859?
2
What is the ten thousands digit of 153608091?
0
What is the hundred millions digit of 635556644?
6
What is the ten millions digit of 885461835?
8
What is the ten thousands digit of 83412979?
1
What is the millions digit of 761714361?
1
What is the hundred thousands digit of 124307290?
3
What is the millions digit of 423194028?
3
What is the tens digit of 1645793147?
4
What is the ten thousands digit of 576676110?
7
What is the billions digit of 4235877615?
4
What is the ten thousands digit of 70329453?
2
What is the ten thousands digit of 155191725?
9
What is the millions digit of 2052142065?
2
What is the tens digit of 11687811?
1
What is the ten millions digit of 1428661534?
2
What is the billions digit of 4712897170?
4
What is the thousands digit of 2301717226?
7
What is the units digit of 1681044563?
3
What is the hundred thousands digit of 70099045?
0
What is the ten millions digit of 473522645?
7
What is the ten millions digit of 3137290465?
3
What is the tens digit of 6143861882?
8
What is the thousands digit of 1738726?
8
What is the ten millions digit of 41295396?
4
What is the units digit of 90667495?
5
What is the units digit of 61184396?
6
What is the millions digit of 1416736242?
6
What is the millions digit of 296109879?
6
What is the hundred millions digit of 3053715383?
0
What is the millions digit of 5527245155?
7
What is the units digit of 778573024?
4
What is the hundred thousands digit of 612061256?
0
What is the millions digit of 116337022?
6
What is the billions digit of 7155745943?
7
What is the hundred thousands digit of 6926318791?
3
What is the tens digit of 1746957680?
8
What is the ten millions digit of 82236567?
8
What is the thousands digit of 382072626?
2
What is the hundred millions digit of 162552243?
1
What is the hundreds digit of 360731854?
8
What is the hundred thousands digit of 2274339743?
3
What is the ten millions digit of 17332573?
1
What is the millions digit of 4653352?
4
What is the hundred millions digit of 3887482840?
8
What is the hundred thousands digit of 114740683?
7
What is the millions digit of 447040142?
7
What is the hundreds digit of 63114719?
7
What is the hundred millions digit of 387841391?
3
What is the units digit of 176577282?
2
What is the thousands digit of 44271512?
1
What is the millions digit of 95977376?
5
What is the hundreds digit of 1774402733?
7
What is the units digit of 6411442746?
6
What is the hundreds digit of 143962901?
9
What is the ten thousands digit of 21187465?
8
What is the thousands digit of 98663123?
3
What is the hundreds digit of 431815870?
8
What is the tens digit of 187961057?
5
What is the units digit of 1090697235?
5
What is the ten thousands digit of 7742440?
4
What is the tens digit of 60289764?
6
What is the hundred thousands digit of 437737177?
7
What is the hundreds digit of 2652184?
1
What is the units digit of 317356315?
5
What is the hundred thousands digit of 27714999?
7
What is the hundred millions digit of 5799370378?
7
What is the ten thousands digit of 1556544657?
4
What is the ten thousands digit of 245130590?
3
What is the ten millions digit of 50047344?
5
What is the tens digit of 1445924604?
0
What is the ten thousands digit of 3754577?
5
What is the ten thousands digit of 70903455?
0
What is the billions digit of 7627698106?
7
What is the millions digit of 44169567?
4
What is the hundred millions digit of 107504002?
1
What is the ten thousands digit of 2051987?
5
What is the ten thousands digit of 48011609?
1
What is the ten millions digit of 53954423?
5
What is the tens digit of 407153547?
4
What is the hundreds digit of 6194981096?
0
What is the billions digit of 2659653046?
2
What is the thousands digit of 896119037?
9
What is the hundreds digit of 134330766?
7
What is the tens digit of 1278770126?
2
What is the hundreds digit of 33152093?
0
What is the tens digit of 969872229?
2
What is the units digit of 33783440?
0
What is the millions digit of 74892508?
4
What is the hundred thousands digit of 164854576?
8
What is the hundreds digit of 653486155?
1
What is the ten thousands digit of 1768295648?
9
What is the ten millions digit of 422786301?
2
What is the ten millions digit of 218395536?
1
What is the millions digit of 112904766?
2
What is the units digit of 67014534?
4
What is the thousands digit of 16033738?
3
What is the millions digit of 65670466?
5
What is the units digit of 231535676?
6
What is the hundreds digit of 1794565684?
6
What is the millions digit of 21589367?
1
What is the millions digit of 106356549?
6
What is the ten thousands digit of 351975693?
7
What is the thousands digit of 43906185?
6
What is the millions digit of 3274647034?
4
What is the hundred thousands digit of 768996347?
9
What is the hundred thousands digit of 66146185?
1
What is the units digit of 3577402578?
8
What is the hundred millions digit of 171177835?
1
What is the tens digit of 182357327?
2
What is the thousands digit of 57077285?
7
What is the thousands digit of 67941855?
1
What is the hundred thousands digit of 7007796191?
7
What is the ten millions digit of 306012577?
0
What is the millions digit of 15067644?
5
What is the tens digit of 373936545?
4
What is the millions digit of 78512640?
8
What is the hundred millions digit of 490121330?
4
What is the hundred millions digit of 511242205?
5
What is the ten thousands digit of 493251838?
5
What is the units digit of 583193956?
6
What is the ten millions digit of 47110998?
4
What is the ten millions digit of 37325243?
3
What is the units digit of 423857974?
4
What is the hundred millions digit of 218850020?
2
What is the tens digit of 116723952?
5
What is the tens digit of 319343836?
3
What is the hundreds digit of 1202598015?
0
What is the units digit of 649973989?
9
What is the thousands digit of 627617541?
7
What is the ten millions digit of 1318703634?
1
What is the hundred thousands digit of 21027049